2 - 6*c - 5. Suppose 2*f - 41 = -5*h - 30, 20 = -4*f + 4*h. Is t(f) composite?
False
Let x(o) = -7*o + 5. Let j be x(1). Is 2/(j/(-3)) - (-8990)/5 composite?
False
Let c(f) = 5*f - 5. Let n be c(3). Let i(o) = 3*o**3 - 5*o**2 + 9*o - 29. Is i(n) composite?
True
Let t be ((-14)/(-3))/((-47)/(-4371)). Suppose 2*i - 7*i - 125 = 0. Let r = t + i. Is r a prime number?
True
Is (((-3)/(-9))/(29/(-87)))/(1/(-216289)) a composite number?
False
Suppose 36 = -0*a - 2*a + 2*p, 31 = -2*a - 3*p. Let f(o) = -o**3 + 4*o**2 + 36*o - 71. Is f(a) a composite number?
True
Let y = 274 + -269. Suppose 0*t - 1080 = -4*t - 3*g, -y*t - g = -1339. Is t composite?
True
Let w = 4 - 0. Let b be 1434/w*((-16)/(-12) - -2). Suppose -2*i + 4*g = -0*g - 794, 0 = 3*i - 4*g - b. Is i a prime number?
True
Suppose 298*l - 3470563 = 201*l. Is l a prime number?
False
Let y(d) = 25*d**3 + 6*d**2 + d - 7. Let p(c) = 7*c + 10. Let j be p(2). Suppose 6*k + 0*k = j. Is y(k) prime?
True
Is ((-811556)/(-24)*3)/(21/42) a composite number?
False
Let w(r) = 11*r + 75 - 65*r - 56*r. Is w(-17) a composite number?
True
Suppose 4*p = -b + 3635742, 43*p - 5*b + 1817880 = 45*p. Is p a prime number?
False
Let r be 0 - 21/(-6) - (-3)/6. Suppose -r*g = 2*c + 3308, 2*g + 3*g + 4967 = -3*c. Let t = c - -2707. Is t a prime number?
False
Let z(o) = 5*o**2 + 18*o - 37. Let x(f) = -14*f**2 - 54*f + 110. Let c = -80 + 86. Let a(j) = c*x(j) + 17*z(j). Is a(22) prime?
False
Suppose 2*y - 76768 = -0*y. Suppose 3*d - 7*d + 3*c + y = 0, 0 = -2*c. Suppose -4*l + 4*v + d = 0, 3*l + 2*l + 5*v = 11955. Is l composite?
True
Let f(m) = 7*m**2 + 63*m + 3. Let u be f(-10). Let a = u - -190. Is a prime?
True
Let y(x) = 123471*x - 1048. Is y(5) a composite number?
False
Suppose 0 = -l - 2*l - 4*y - 5, -2*y = 2*l. Suppose 9162 = l*m - 20753. Is m prime?
False
Let t = 43368 + -21321. Is t prime?
False
Let f(l) = 2965*l**2 - 10*l + 176. Is f(7) a prime number?
True
Let g(l) be the second derivative of 7*l**4/6 - l**3/6 - 17*l**2/2 - 32*l. Let a(u) = -u**3 - 16*u**2 - 15*u - 6. Let z be a(-15). Is g(z) composite?
True
Is -4*(15 + (-3084975)/100) a prime number?
False
Let p(d) = 29095*d - 1131. Is p(4) a prime number?
True
Let m be (-1 - (-11)/5)/(6/20). Let b be (-4540)/((-5)/1 + m). Suppose n + 3*f - 8*f - b = 0, 2*n + 5*f - 9065 = 0. Is n composite?
True
Suppose 180*i + 7986280 = 220*i. Is i composite?
False
Suppose 0*u + 2*u = -5*s + 2689, -3*s + 3*u = -1626. Suppose -42*x = -x - 49692. Let c = x - s. Is c a composite number?
False
Let m(q) = -3*q + 2317. Let f be (-2 + (-1 - 0))/(33/(-11)). Suppose -2*l = -5*b - 5, -l + b = -5*l - f. Is m(l) prime?
False
Is (-32)/(704/(-550)) - -402462 a composite number?
False
Let p(h) = 20*h**2 - 2*h - 1181. Is p(-47) prime?
True
Suppose -19*c = -13*c + 7830. Suppose 2*d - 5654 = -2*a, 0*d = -3*a + 2*d + 8486. Let v = a + c. Is v composite?
False
Suppose 2*c - 10 = -2*b - 0*b, -c + 5 = -4*b. Let y = 329 - 327. Suppose -5*a - 2432 = -5*f - y*a, c*a = f - 482. Is f a prime number?
True
Is 3410/154 + -22 - (-133376)/14 composite?
True
Let d(c) = 8813*c**2 + 2*c + 2. Suppose -65 = 4*l - 61. Is d(l) prime?
False
Suppose j - 29 = 3*x, 4*j + 3 + 7 = -2*x. Let b(k) = 418 + k**3 + 15*k + 441 - 860 + 16*k**2. Is b(x) a prime number?
True
Let n be 10308/(-8)*(9 - 5). Let a = -3553 - n. Is a prime?
True
Let j(u) = 2*u**3 + 3*u**2 - 15*u + 13. Suppose 0 = 5*l - 15, 4*x + 5*l + 35 = 2*l. Let n be j(x). Is ((-4)/2)/(12740/n - -6) a composite number?
True
Let g = 62 - 59. Suppose 0 = 16*f + g*f - 26581. Is f prime?
True
Suppose -10*y - 137*y + 269008383 = 0. Is y a prime number?
False
Let d(o) = 4*o**2 + 19*o + 16. Let f be d(11). Let c = -262 + f. Is c composite?
True
Let u be -6*2/(2 - 6). Suppose -3*v + i + 10863 = 0, 5*i - 3*i + 10860 = u*v. Suppose 5*o - v - 913 = 0. Is o a prime number?
True
Let b = 1187274 + -687481. Is b composite?
True
Suppose 8*m = 62*m - 18375282. Is m prime?
True
Let p be 3/(15/2) - 6400160/(-100). Suppose 40*z - p = 34*z. Is z a composite number?
False
Suppose -9*i = -12*i + 18. Let n = i + -6. Suppose -2*m + v + 74 = n, -5*m + 166 = -2*v - 19. Is m prime?
True
Suppose -3*h - 2880 = -7*h. Let d = h - 466. Suppose 3 = -z + d. Is z a composite number?
False
Let g = -23731 + 34282. Suppose 13*k = 84128 + g. Is k a prime number?
True
Let z = 7439 - 3475. Is (-66)/(-88)*z/3 a composite number?
False
Let y(h) = h**3 - 15*h**2 + 8*h - 21. Let a be y(14). Is 21/a + 33972/10 prime?
False
Let x(c) = -c**3 + c**2 + 14*c + 5. Let t be x(-4). Suppose 0 = -2*k + 5*l - t, k + 4*l - 2*l = 8. Is 1159 + 3 + (1 + k - 4) a prime number?
False
Let g = -39 + 111. Let k = -72 + g. Suppose -2*m = -6*m - 5*y + 4893, -m + 5*y + 1242 = k. Is m prime?
False
Let d(g) = 4*g**2 + g - 1. Let i be d(-1). Let l(k) = 1078*k**2 - 2*k - 1. Is l(i) a prime number?
False
Let j be (-5)/5 - -2 - (-9 - 2). Suppose -4*i = -3*v + 6521, j*v = 9*v + 3*i + 6525. Is v a prime number?
True
Suppose 501194 = -5012*i + 5046*i. Is i prime?
True
Suppose -l = 6*s - 1158035, 4*s + 579049 = 7*s - 4*l. Is s prime?
False
Let o = 56 - 53. Suppose -15778 = -4*h - o*x, -5*h = -5*x - 9650 - 10055. Is h composite?
False
Is 4*98543*(-237)/(-2844)*3*1 a composite number?
False
Is ((-7)/1)/14*(6 + -311780) prime?
True
Suppose -2*v + 119067 = -v - 47980. Is v composite?
False
Let k be (-47 - 1)*6/18. Is (10075 + k/(-4))/1 a composite number?
False
Let q = -136 + 127. Is (q/(-6))/((-18)/(-37428)) composite?
False
Let l(p) = 334*p + 2205. Is l(59) a prime number?
True
Suppose t + 7104 = 5*t. Suppose 3*n + 1121 = 2*m, 0*m = -2*m + n + 1119. Let z = t - m. Is z prime?
True
Let b(q) = -27084*q + 3383. Is b(-11) a composite number?
True
Suppose -2*s = -2*f + 163490, 5 + 3 = -s. Is f a prime number?
True
Let q(j) = -j**3 - 5*j**2 - 4*j + 3. Let k be q(-4). Let f be -49*3/(k - 6). Suppose -d = -2*d + f. Is d prime?
False
Suppose -3*d + 12 = 5*c - 8*c, -4*d + 16 = 3*c. Suppose -d*q = 7*q - 81455. Is q a prime number?
False
Suppose 5*s - 19 = 3*p, 5*s = 2*p + 2 + 14. Is ((-169)/(-39))/(1*s/354) a composite number?
True
Suppose 3*k = -3*y + 60468, 0 = 2*y + 5*k - 10626 - 29686. Let f = y + -13215. Is f a composite number?
True
Suppose 653207 - 1661376 = -82*x + 3656073. Is x composite?
True
Let h(i) = -39*i**2 - 2*i - 5. Let n be h(-5). Let g = n - -1637. Is g a composite number?
True
Let h = 1383 + 8828. Is h a composite number?
False
Let f(u) = -38668*u + 3119. Is f(-14) prime?
True
Let z = 41541 + -8894. Is z prime?
True
Let h(m) = 590*m**2 - 145*m - 11. Is h(12) composite?
True
Let y(z) be the second derivative of z**3/6 - z**2 - 7*z. Let d be y(3). Is (2 - 8695/10)*(d - 3) composite?
True
Let c = -8 - -13. Let m(w) = 327*w**2 - 5*w. Let p be m(-1). Suppose 5*a - n = 429, -2*n + p = -a + c*a. Is a composite?
True
Let x(v) be the second derivative of 281*v**3/3 + 51*v**2/2 + 4*v - 4. Is x(18) composite?
True
Suppose -12*f + 1510194 + 657750 = 249516. Is f a prime number?
True
Let a(u) = -u**2 + 6*u - 5. Let f be a(3). Suppose -4 = -f*l, 0*l + 784 = c - 3*l. Suppose -2*w = -w - c. Is w a composite number?
False
Is 83617 - (-1 - 10 - (-11 + (-44)/(-11))) prime?
True
Suppose 2*y = i + 13, -i = -5*y + 3 + 4. Let q(l) = 6*l**2 + 0*l**2 + 9 - 4*l**2. Is q(i) a prime number?
True
Let b = 62551 - 26108. Is b a composite number?
True
Is 233 + 481940 - (1/(-2) + (-22)/4) prime?
True
Let b be (-476)/85*(0 + (-9990)/4). Let z = -9005 + b. Is z prime?
False
Let s(n) = -9*n**3 + 16*n**2 + 55*n + 28. Let d be s(-13). Suppose -d = 21*f - 31*f. Is f composite?
False
Let o be (-525)/10*132/(-15). Suppose 10*k = 7*k + o. Suppose 1642 = 4*i - k. Is i a prime number?
True
Suppose -58*c + 52*c = -246. Suppose 3*t + 513874 = c*t. Is t a prime number?
True
Suppose 7*k = -4*h + 13934329, -4*h + 5761646 + 4191437 = 5*k. Is k composite?
True
Let g(b) = 4*b**2 + 16*b + 43. Let y be g(-10). Suppose y*u + 38773 = 290*u. Is u prime?
False
Let g be (-32)/(-20) - (-2 - (-8)/5). Suppose 4512 = 6*h - g*h. Let f = h - 493. Is f composite?
True
Let j = 2473 + -4486. Is j*(-6)/18 - -2 a prime number?
True
Suppose 2*i = a - 60455, 2*i + 241838 = 23*a - 19*a. Is a a composite number?
True
Let q = -30498 - -71589. Is q a prime number?
False
Suppose -3*d - 2 = -11. Suppose -d*k + k = 